680?
2, 3, 5, 7, 499, 1637
List the prime factors of 3458674459.
59, 58621601
What are the prime factors of 146026386?
2, 3, 11, 737507
What are the prime factors of 102079591?
937, 108943
List the prime factors of 131793608.
2, 71, 331, 701
List the prime factors of 1907602757.
167, 1153, 9907
What are the prime factors of 1288847811?
3, 429615937
What are the prime factors of 1064134002?
2, 3, 177355667
What are the prime factors of 236027697?
3, 78675899
List the prime factors of 67900996.
2, 1451, 11699
What are the prime factors of 413126533?
197, 461, 4549
List the prime factors of 2715082856.
2, 339385357
What are the prime factors of 33665469?
3, 41, 191, 1433
List the prime factors of 3565026558.
2, 3, 198057031
What are the prime factors of 97259128?
2, 12157391
What are the prime factors of 62074265?
5, 11, 1128623
What are the prime factors of 92140981?
41, 2247341
What are the prime factors of 15434119?
29, 43, 12377
List the prime factors of 796077048.
2, 3, 13, 19, 134291
List the prime factors of 1097035051.
7, 156719293
List the prime factors of 482898273.
3, 11, 13, 383, 2939
List the prime factors of 648945457.
13187, 49211
What are the prime factors of 319815632?
2, 19988477
List the prime factors of 54340699.
7, 107, 72551
What are the prime factors of 2966923215?
3, 5, 17, 307, 4211
List the prime factors of 2160128.
2, 4219
List the prime factors of 1320940893.
3, 440313631
What are the prime factors of 67476354?
2, 3, 11, 617, 1657
List the prime factors of 572431524.
2, 3, 7, 973523
What are the prime factors of 1722802281?
3, 23, 89, 280541
What are the prime factors of 12293074?
2, 17, 361561
What are the prime factors of 1727923235?
5, 2273, 152039
List the prime factors of 75106564.
2, 13, 47, 79, 389
What are the prime factors of 825487063?
229, 3604747
List the prime factors of 1344869626.
2, 17, 39554989
List the prime factors of 45645838.
2, 7, 3260417
What are the prime factors of 304921849?
304921849
List the prime factors of 113022698.
2, 17, 195541
What are the prime factors of 123338924?
2, 30834731
List the prime factors of 39778143.
3, 53, 101, 2477
What are the prime factors of 1636239455?
5, 293, 1116887
List the prime factors of 1302402325.
5, 7, 29, 353, 727
What are the prime factors of 2315443036?
2, 163, 509, 6977
List the prime factors of 1419393453.
3, 7159, 66089
List the prime factors of 19675607.
7, 31, 12953
What are the prime factors of 68722822?
2, 7, 4908773
List the prime factors of 202368222.
2, 3, 7, 1606097
What are the prime factors of 599617451?
599617451
List the prime factors of 3839833114.
2, 13, 67, 13043
List the prime factors of 2801578102.
2, 1400789051
List the prime factors of 412216251.
3, 9511, 14447
List the prime factors of 4811910423.
3, 7411, 216431
List the prime factors of 1124394847.
1579, 712093
What are the prime factors of 41324078?
2, 20662039
What are the prime factors of 17791215?
3, 5, 13, 91237
List the prime factors of 235261597.
379, 620743
List the prime factors of 957898068.
2, 3, 79, 809, 1249
List the prime factors of 162861212.
2, 40715303
What are the prime factors of 3491216998?
2, 3623, 481813
What are the prime factors of 831222517?
859, 967663
What are the prime factors of 6672145452?
2, 3, 7, 5653, 14051
List the prime factors of 2141574597.
3, 23, 1549, 6679
What are the prime factors of 45336948?
2, 3, 3778079
What are the prime factors of 137439342?
2, 3, 282797
What are the prime factors of 4101201413?
443, 9257791
What are the prime factors of 3771514692?
2, 3, 11, 43, 221489
List the prime factors of 235056302.
2, 13, 61, 148207
List the prime factors of 350317336.
2, 43789667
What are the prime factors of 3005619517?
701, 4287617
List the prime factors of 29301106.
2, 61, 240173
List the prime factors of 879001662.
2, 3, 7, 11, 347, 5483
What are the prime factors of 644852374?
2, 2423, 133069
List the prime factors of 98063721.
3, 7, 1556567
List the prime factors of 1721555449.
29, 139, 427079
List the prime factors of 6501025320.
2, 3, 5, 54175211
List the prime factors of 430765648.
2, 179, 150407
List the prime factors of 94603485.
3, 5, 23, 274213
List the prime factors of 15707107.
13, 1208239
List the prime factors of 2238097160.
2, 5, 13, 4304033
List the prime factors of 71090716.
2, 29, 139, 4409
What are the prime factors of 149043934?
2, 13, 29, 43, 4597
What are the prime factors of 273823435?
5, 54764687
What are the prime factors of 200322948?
2, 3, 7, 2384797
List the prime factors of 7738199.
7, 1105457
What are the prime factors of 239645828?
2, 173, 346309
List the prime factors of 547561195.
5, 109512239
List the prime factors of 186920242.
2, 7411, 12611
List the prime factors of 377206895.
5, 13, 137, 42359
What are the prime factors of 39444705?
3, 5, 292183
List the prime factors of 349238264.
2, 37, 1179859
What are the prime factors of 37342049?
19, 547, 3593
List the prime factors of 227301402.
2, 3, 6043, 6269
List the prime factors of 79664405.
5, 15932881
List the prime factors of 9472568636.
2, 19, 173, 727, 991
What are the prime factors of 649280986?
2, 367, 884579
List the prime factors of 8014032.
2, 3, 13, 1427
List the prime factors of 1327112281.
11, 127, 949973
What are the prime factors of 1076651677?
41, 26259797
List the prime factors of 26530398.
2, 3, 43, 151, 227
What are the prime factors of 3430277283?
3, 293, 3902477
What are the prime factors of 88326271?
11, 17, 472333
List the prime factors of 116105768.
2, 41, 479, 739
What are the prime factors of 163546757?
11, 199, 74713
List the prime factors of 8776111.
53, 165587
What are the prime factors of 1592045448?
2, 3, 7, 1787, 5303
List the prime factors of 217825665.
3, 5, 14521711
What are the prime factors of 688899085?
5, 7, 2811833
What are the prime factors of 912104175?
3, 5, 43, 151, 1873
What are the prime factors of 524390741?
7, 3023, 24781
What are the prime factors of 54883904?
2, 173, 4957
List the prime factors of 3049130573.
3049130573
List the prime factors of 104668506.
2, 3, 251, 23167
What are the prime factors of 3778864?
2, 103, 2293
List the prime factors of 392742156.
2, 3, 61, 536533
What are the prime factors of 26938746?
2, 3, 1496597
What are the prime factors of 2239728101?
13, 13252829
List the prime factors of 1694664840.
2, 3, 5, 11, 23, 55819
What are the prime factors of 38639688?
2, 3, 283, 5689
List the prime factors of 531359547.
3, 23, 29, 265547
List the prime factors of 1299355597.
241, 5391517
List the prime factors of 269114897.
827, 325411
What are the prime factors of 94530828?
2, 3, 7, 23, 113, 433
What are the prime factors of 118077148?
2, 7, 4217041
List the prime factors of 21213025.
5, 17, 19, 37, 71
What are the prime factors of 404624951?
271, 359, 4159
List the prime factors of 459542498.
2, 131, 1753979
List the prime factors of 467334267.
3, 17, 9163417
What are the prime factors of 161339895?
3, 5, 3585331
List the prime factors of 137927790.
2, 3, 5, 7, 11, 13, 1531
List the prime factors of 987250806.
2, 3, 54847267
What are the prime factors of 412889040?
2, 3, 5, 573457
List the prime factors of 3404610800.
2, 5, 8511527
List the prime factors of 204161626.
2, 1187, 85999
What are the prime factors of 502905528?
2, 3, 19, 367621
List the prime factors of 14171261.
13, 1090097
List the prime factors of 419065809.
3, 2693, 51871
List the prime factors of 222015186.
2, 3, 1321, 9337
What are the prime factors of 248151453?
3, 11, 7519741
List the prime factors of 3810618021.
3, 7, 1931, 93971
What are the prime factors of 1611783061?
7, 43, 661, 8101
List the prime factors of 148177983.
3, 23, 53, 40519
What are the prime factors of 2033787?
3, 7, 96847
List the prime factors of 86834920.
2, 5, 359, 6047
List the prime factors of 143337472.
2, 17, 23, 179
List the prime factors of 360853087.
7, 349, 147709
What are the prime factors of 65585940?
2, 3, 5, 7, 156157
What are the prime factors of 37812781?
29, 43, 30323
List the prime factors of 19313210.
2, 5, 7, 61, 4523
List the prime factors of 60556473.
3, 269, 25013
What are the prime factors of 284926368?
2, 3, 2967983
What are the prime factors of 2177134213?
17497, 124429
What are the prime factors of 36955974?
2, 3, 11,